 highest common factor of r and 600.
120
Let d = 4631 + -4625. Calculate the highest common divisor of 519 and d.
3
Let c(g) = g**3 + 17*g**2 - 6*g - 76. Let s be c(-17). Suppose -s*j + 138 = -24*j. What is the greatest common divisor of 6 and j?
3
Let c(x) = -25*x - 95. Suppose 4*g + g + 30 = b, -2*b = -10. Let i be c(g). Calculate the highest common factor of 18 and i.
6
Let a = 766 + 288. Calculate the greatest common factor of 17 and a.
17
Suppose -10318 + 71002 = 6*a + 7*a. What is the highest common divisor of 24 and a?
12
Suppose -39*x + 144701 - 24282 = -52507. Calculate the greatest common factor of x and 24.
6
Let v = 124 - 101. Suppose -2*i - 8 = -4*i. Suppose i*l - 263 = -v. What is the greatest common factor of 90 and l?
30
Suppose 47 = 4*m + 4*c + 623, -3*c = -5*m - 704. Let s = m + 157. Calculate the greatest common divisor of s and 3.
3
Let x = -68 - -68. Suppose 0 = -w - 3*c - 7, -4*w + 4*c + 5 + 15 = x. Suppose w*v + 3*v = 105. Calculate the highest common factor of 63 and v.
21
Suppose -7*l + 2*l + 240 = 0. Suppose l*m - 46*m = 78. Suppose -m - 25 = -b. What is the highest common divisor of 16 and b?
16
Suppose 59 = -4*s - 3*m - 87, 0 = 3*s + m + 112. Let j = -31 - s. Calculate the highest common divisor of 3 and j.
1
Let i be (185 + -292)/((-1)/29). Calculate the greatest common divisor of i and 87.
29
Suppose 54*t - 4362 = 3733 + 10157. Calculate the highest common divisor of 182 and t.
26
Suppose 16*o - 2311 = -1863. Suppose -6*b + 11*b - 6860 = 0. Calculate the highest common factor of b and o.
28
Suppose 2*q = 3*q. Suppose q = 5*v - 164 + 44. Let o = -12137 + 12153. What is the highest common factor of v and o?
8
Suppose 7*m + 13 = 202. Suppose -12*p - 4*d = -15*p + m, 4*d + 22 = 2*p. Calculate the highest common factor of 205 and p.
5
Let v be -3 + 232/28 + 10/(-35). Suppose 64 = v*o + 24. What is the highest common factor of 200 and o?
8
Suppose -19*c + 6*c - 18*c + 128774 = 0. Calculate the greatest common divisor of 134 and c.
134
Let l(x) = 8*x - 313. Let m be l(71). Calculate the highest common divisor of 493 and m.
17
Let s(u) = 82*u**2 - 302*u - 12. Let d be s(5). Calculate the greatest common divisor of 156 and d.
12
Let v(s) = -78*s - 613. Let a be v(-8). Let g(z) = -6*z - 5. Let x be g(-10). What is the greatest common factor of x and a?
11
Let r(l) = -l**3 + 14*l**2 + 101*l - 30. Let o be r(-6). What is the greatest common factor of o and 1668?
12
Let j(y) = 5*y - 40. Let k be j(12). Suppose -2*a + 7 = 1, 5*a = 4*g + 7. Suppose 4*v + g*v = 24. What is the greatest common divisor of k and v?
4
Let a = 720 + -368. What is the highest common divisor of a and 165?
11
Let h(n) = -3734*n - 2186. Let y be h(-3). What is the greatest common divisor of 736 and y?
184
Suppose -25*w - 15*w = -86*w + 105156. Calculate the highest common factor of 45 and w.
9
Let v be (1 - 0)/(((-43)/78776)/(26/(-4))). What is the greatest common divisor of v and 687?
229
Suppose 4*v + 5*u - 35 = -v, -3*u + 16 = 2*v. Suppose v*c - 1117 = 3*w - 0*w, 4*w = -3*c + 676. Calculate the greatest common factor of 7 and c.
7
Let z(g) = -3*g + 24. Suppose -10*c - 32 - 68 = 0. Let l be 25/c - 4/16*2. Let y be z(l). Calculate the highest common factor of y and 77.
11
Suppose 11111 + 13348 + 8013 = 33*m. Calculate the greatest common factor of 30 and m.
6
Suppose 6 = -i + 23. Let y be 25/(2*(-1)/(-8)). Let l = y - -36. Calculate the highest common divisor of i and l.
17
Let c be (-2)/11 - (-105840)/1078. Suppose -179 = -5*d - 499. Let s = d + c. Calculate the highest common divisor of s and 17.
17
Let w(f) = f**3 + 8*f**2 - 2*f + 15. Suppose -7*m = 46 - 235. Suppose 4*x - 3 = -m. Let p be w(x). Calculate the greatest common divisor of p and 22.
11
Let x = -6047 - -6054. Suppose 19*f - 224 = 15*f. What is the greatest common factor of x and f?
7
Suppose 3*t + 4*f = 4173, -817*t - f + 6972 = -812*t. What is the greatest common factor of 105 and t?
15
Suppose -2*d - 79 = 115. Let g = d - -47. Let r = 63 + g. What is the greatest common factor of 104 and r?
13
Let q = -3553 + 3647. What is the highest common divisor of 4042 and q?
94
Let n be (-1 - -745)*253/506. What is the highest common factor of n and 2914?
62
Let o be ((-30)/5 - -3)*-3. Let w = 35 - 17. What is the greatest common factor of o and w?
9
Let v = -29 - -50. Let z = -116608 - -116811. What is the highest common divisor of v and z?
7
Suppose 176*z - 467575 + 213403 - 299524 = 0. What is the greatest common divisor of 429 and z?
143
Let p be (-12)/(-8)*2 + -1. Suppose -p*z + 2 = 8, 4*z + 148 = 2*t. Suppose 3*f - 25 - 26 = 0. What is the highest common factor of t and f?
17
Suppose o - 5*l = 45, -7*o - 7*l + 11*l + 284 = 0. What is the greatest common divisor of 17320 and o?
40
Let y be (-1)/(-3)*-9 - -81. What is the highest common divisor of 2808 and y?
78
Let w(p) = -5*p**2 - 29*p + 22. Let b(m) = -4*m**2 - 28*m + 23. Let n(t) = -6*b(t) + 5*w(t). Let f be n(21). Calculate the highest common factor of f and 14.
14
Let k(t) = -t**2 + 22*t - 23. Let c be k(26). Let d = c + 134. What is the highest common divisor of 2 and d?
1
Suppose w + 4 = 2*s, 5*w + 4*s - 32 = w. Suppose -w*q - 220 = -6*q. Let h = 116 + -72. Calculate the highest common factor of h and q.
22
Let x = 10274 - 10260. Let g(r) = 2*r**3 + 2*r**2 - r + 1. Let w be g(-2). Let j(v) = -4*v - 6. Let b be j(w). Calculate the highest common factor of b and x.
14
Let b = 173 - 156. Suppose 3*i - 127 = 4*h + b, 2*i - 4*h = 92. What is the greatest common factor of i and 4?
4
Let w(a) = 50*a + 19. Let t be w(6). Suppose 314*x = t*x - 90. What is the highest common divisor of x and 450?
18
Let w = -23 + 21. Let v(q) = -12*q - 4. Let l be v(w). Suppose x + x - 30 = 0. Calculate the greatest common factor of l and x.
5
Let r = 131 - -93. Let d(s) = -8*s**2 - 413*s - 227. Let y be d(-51). What is the greatest common factor of y and r?
28
Suppose -4*a + 590 - 546 = 0. Let k be (-10)/110 + 595/a. What is the greatest common factor of 486 and k?
54
Suppose 2*u - 2*i = 96, -136 = -3*u - 0*u + 5*i. Let d be 3/(-9) - (-60)/(-9)*-35 - -1. What is the greatest common factor of d and u?
26
Let h(r) = 27*r**2 - 63*r - 5. Let b be h(8). What is the greatest common divisor of 53 and b?
53
Let i(h) = h**3 + 179*h**2 - 555*h - 1328. Let p be i(-182). What is the highest common divisor of 3937 and p?
31
Let f = 10140 - 10004. What is the greatest common divisor of f and 3196?
68
Let b = -5029 + 5060. Let m(g) = 30*g + 3. Suppose -5*p + 10*v + 20 = 5*v, -p + 3*v = -6. Let n be m(p). What is the highest common factor of n and b?
31
Suppose -3*w - 2*q - 8 = 0, 5*w - 2*q + 4 = 6*w. Let s = -37 + -23. Let d = w - s. Calculate the greatest common divisor of 27 and d.
27
Suppose -4*o - 39 = -7. Let q = 176 - 190. Let m be (q/2 - o) + 70/2. Calculate the greatest common factor of m and 24.
12
Let m(h) = 21*h**2 + 21*h - 102. Let g be m(-15). Calculate the greatest common factor of 12 and g.
12
Let f(j) = -48*j**3 + 2*j**2. Let o be f(-1). What is the highest common divisor of o and 1270?
10
Suppose -1 = 2*r - 49. Let j be 3 - (-44)/(-16) - 30/(-8). Let u be (j/8)/(1/6). Calculate the greatest common factor of r and u.
3
Suppose -4*d - 492 = -10*d. Suppose 4*p - d = -3*h + 2*p, -111 = -4*h - 3*p. Let i = 30 - h. What is the greatest common factor of 15 and i?
3
Suppose 6 = -3*t, t = d - t - 132. Let f(q) = 12*q**2 - 57*q + 1. Let k be f(5). What is the highest common divisor of d and k?
16
Suppose -124*a + 18 = -118*a. Calculate the greatest common factor of a and 882.
3
Suppose -2*c = 6*j - 5*j - 19, j + c - 22 = 0. Let h(n) = -n**3 + 24*n**2 + 28*n - 73. Let k be h(j). Calculate the highest common divisor of k and 56.
2
Let m(c) = 7*c + 112. Let k be m(-15). Let z(t) = t**2 - 2*t - 23. Let o be z(k). Calculate the greatest common factor of 30 and o.
6
Let z be (-3652)/56*-6 - (-144)/(-112). Calculate the greatest common divisor of 2860 and z.
130
Let j be (-228984)/(-48) + 4/(-8). What is the greatest common divisor of j and 15?
15
Let a = -145 - 928. Let x = -380 - a. What is the greatest common factor of 77 and x?
77
Let m = 446 - 835. Let a = 736 - m. Calculate the greatest common divisor of 45 and a.
45
Let u = 510 + -268. Let i be 44/u - (-2746)/22. C